
Let i = 76 - 68. Suppose 0*d + d = i. What is the highest common factor of 72 and d?
8
Let w be 1/((-2)/(-12)*-3). Let z be -1 + -2 - (w - 3). Calculate the highest common factor of 6 and z.
2
Suppose 4*o + 5*b - 124 = 329, 2*o - 3*b - 221 = 0. What is the highest common divisor of 56 and o?
56
Let s = -15 - -38. Suppose -4*i - 26 = -2*q, -2*q + 3 = -3*i - s. What is the highest common divisor of q and 247?
13
Let l(t) = -15*t - 113. Let s be l(-9). What is the greatest common divisor of s and 22?
22
Let u(v) = 9*v + 5. Let n(o) = 5 + 2*o - 6 + 0*o + 0*o + o**2. Let l be n(1). Let t be u(l). What is the highest common factor of t and 46?
23
Suppose -4*l + 5*l + 19 = -n, 2*l - 2*n = -22. Let u = l + 23. Suppose -2*m = -6*m + 288. Calculate the highest common factor of u and m.
8
Let g(n) = 3*n - 56. Let q be g(24). Calculate the highest common divisor of q and 112.
16
Let m(g) = -114*g + 6. Let v be m(-3). Suppose -3*r + 5*a + 233 + 18 = 0, -4*r + v = -4*a. What is the highest common factor of r and 23?
23
Let u(m) = m + 10. Suppose -j + 6 = -3*j, -4*j - 68 = -4*s. Let i be u(s). What is the highest common divisor of i and 16?
8
Suppose 5*o - 394 = 2*d, 8 + 297 = 4*o - 5*d. Suppose -5*u - 27 + 2 = 0, -590 = -3*j - 2*u. What is the highest common factor of j and o?
40
Let t(v) = -6*v - 12. Suppose 0 = 5*u - 5, 3*u - 14 = -w - 2*u. Let s = -15 + w. Let x be t(s). What is the greatest common divisor of 8 and x?
8
Suppose -12*i = -714 - 3102. Calculate the greatest common divisor of i and 6.
6
Let w(o) = -2*o**3 - 3*o**2 + 3*o + 4. Let c be w(-3). Let d be 3 + (3 - 3250/(-5)). Let k be d/6 + (-2)/(-3). What is the highest common factor of c and k?
22
Suppose 66 = 3*i - 150. Let f(y) = 3*y - 1. Let l be f(-2). Let w be 3*l/((-28)/24). What is the greatest common factor of i and w?
18
Let h be 91 - 4 - (-16 - -9). Calculate the greatest common factor of 6 and h.
2
Suppose 10*c = -12*c + 1936. Calculate the greatest common factor of c and 44.
44
Let h(g) = -3*g + 19. Let l = -96 + 64. Let z be h(l). Calculate the highest common divisor of z and 46.
23
Let t(i) = i**3 - 13*i**2 - 13*i - 14. Let o be t(14). Suppose o = 17*x - 12*x - 440. Calculate the greatest common divisor of x and 8.
8
Let b = -16 + 17. Let v(i) = 7 - b - 9 - 2*i. Let l be v(-4). Calculate the greatest common factor of l and 25.
5
Let o = -1313 + 1328. What is the greatest common factor of o and 25?
5
Let v be 2178/126 + 6/(-21). What is the highest common factor of v and 2?
1
Suppose j + 139 = 2*n, -3*n - j = -153 - 58. Calculate the highest common factor of 10 and n.
10
Let k be (10/6)/5*93. Let q = k - 13. What is the greatest common divisor of q and 18?
18
Let i(m) = m - 1. Let v be i(3). Let c be (v - (-2)/(-2))*68. What is the highest common factor of c and 4?
4
Let j(s) = 10 - 7*s - 4 + 6*s. Suppose -4*o = -5*o - 6. Let u be j(o). Calculate the greatest common divisor of 30 and u.
6
Let b(r) = r**2 - 9*r - 11. Let h be b(11). What is the highest common factor of 253 and h?
11
Let t = 207 + 978. Calculate the greatest common factor of 15 and t.
15
Let x be (-40)/(-1*2/4). Calculate the highest common divisor of 110 and x.
10
Suppose -4*d = -5*w + 267 + 1383, -330 = -w + 3*d. Calculate the highest common factor of 150 and w.
30
Let q = -28 - -34. Suppose -4*a + a - 5*r = -152, 5*a - 2*r = 274. Calculate the greatest common factor of q and a.
6
Let k = 43 + -3. What is the highest common factor of k and 280?
40
Let q be 23*(-3)/(-3) + 1. Suppose 2*n - 54 = -5*u, 5*u = n + 4*n + 75. What is the greatest common divisor of u and q?
12
Suppose 4*m = -3*t + 3108, -1554 = -2*m + t - 5*t. Let f be (-6)/(-1*3/m). Suppose 6*s = -0*s + f. Calculate the greatest common divisor of s and 37.
37
Suppose 3*o + 478 - 139 = 0. Let d = o + 125. Calculate the greatest common divisor of 42 and d.
6
Suppose 4*j + 0*o - 173 = -o, -3*j + 5*o + 101 = 0. Let p = 24 + -20. Suppose 0 = -p*m - 0*m, 5*k = -4*m + 140. Calculate the highest common factor of j and k.
14
Let c = -377 - -1023. What is the highest common divisor of c and 19?
19
Let c = -5 - -53. What is the greatest common factor of 80 and c?
16
Let n = 285 + -272. What is the highest common factor of 559 and n?
13
Let y be (1 + -4)*-2 + -4. Suppose 0 = -0*v - y*v. Suppose v*a + 76 = 4*a. Calculate the greatest common factor of 38 and a.
19
Let g be -8 - (6/5)/((-18)/210). Let h = 1 - 0. Calculate the highest common factor of g and h.
1
Suppose y - 68 = -4*j, 0 = -j - 3*y + 18 - 1. What is the highest common factor of j and 34?
17
Let c(u) = u - 17. Suppose -3*j = 4*p + 2*j - 77, -2*p = -4*j - 58. Let s be c(p). Calculate the greatest common factor of 1 and s.
1
Let f be -30 + (4 + -1 - -1). Let q be 1/(-3 + (-80)/f). What is the highest common divisor of q and 104?
13
Suppose 5*p - 45*x - 1772 = -48*x, -348 = -p + x. What is the greatest common divisor of 96 and p?
32
Let b be (15/(-7))/((-22)/770). What is the highest common divisor of 825 and b?
75
Suppose -2*x - 5*h - 22 = -5*x, 2*h - 12 = -4*x. Let p be (102/27 - x) + (-652)/(-18). Let g = 125 + -17. Calculate the greatest common divisor of p and g.
36
Suppose 2*r = -3*m + 38, 0 = 557*m - 561*m - 24. Suppose -l + 15 = 3*z - 27, 0 = -5*l. Calculate the highest common divisor of r and z.
14
Suppose 5 = -4*d - 3, 4*o - d - 2 = 0. Suppose o = -4*s + 11 + 25. What is the greatest common factor of s and 1?
1
Let v(y) = -y**2 + 15*y + 3. Let m be v(14). Let f(p) = -p**3 + 20*p**2 - 27*p + 25. Let r be f(18). What is the highest common divisor of r and m?
17
Let b = -1 - -11. Let q be (-5)/45*-3*12. Suppose -2*u - t + 136 = 0, u + 4*t + 226 = q*u. What is the highest common divisor of b and u?
10
Let o(z) = -3*z**2 + 0 + 7*z + 2 + z**2 + 3*z**2. Let p be o(-7). Suppose 5*u - 3*u - 6 = 0. Calculate the greatest common factor of u and p.
1
Let g(s) = s**2 + 16*s + 13. Let z be g(-10). Let r = 64 + z. Calculate the greatest common divisor of r and 34.
17
Let x(h) = h**3 - 12*h**2 + 19*h - 41. Let u be x(12). What is the greatest common divisor of u and 51?
17
Let g(r) = 8*r**2 - 13*r - 56. Let b be g(6). What is the highest common divisor of 56 and b?
14
Let w be (64/(-20))/(12/(-30)). Calculate the greatest common divisor of 56 and w.
8
Let i be 6/15*(14 - 9 - -25). Calculate the highest common divisor of i and 78.
6
Let g = 415 - 373. What is the highest common factor of g and 78?
6
Suppose 2 = -3*a + 17, l + 4*a = 210. Suppose 4*h + l = v, 4*v - 5*h = 486 + 274. What is the greatest common divisor of v and 76?
38
Suppose -3*t - 3*y + 177 = 0, 7*t = 10*t - 4*y - 149. What is the highest common factor of t and 1045?
55
Let y = 30 + -35. Let v be 3 + y/(5/(-14)). Calculate the greatest common divisor of 136 and v.
17
Let g(n) = 21*n**2 - 4*n - 3. Let o be g(-2). Suppose -5*z = -5*l + 30, 5*l + z - o = -35. Calculate the highest common factor of l and 110.
10
Let h(n) = 19*n + 212. Let z be h(-8). Calculate the highest common divisor of z and 60.
60
Let o(j) = -5*j - 44. Let c be o(-9). What is the greatest common factor of 32 and c?
1
Suppose -390*s = -392*s + 28. Calculate the greatest common factor of 147 and s.
7
Suppose 6*n - 3*n + 2 = 4*c, 2*c - 4*n = -4. What is the greatest common divisor of c and 248?
2
Suppose 5*o = 9 - 34. Let p be ((-14)/o)/(8/20). Let b be p - -1 - (-1 - 2). Calculate the greatest common factor of b and 55.
11
Let b(r) = -3*r + 16. Let h(g) = 2*g - 8. Let x(t) = -2*b(t) - 5*h(t). Let o be x(-4). What is the greatest common divisor of o and 12?
12
Suppose 82*o = 74*o + 3168. What is the greatest common divisor of 44 and o?
44
Let h be 2/3 - (-119)/51. Suppose z - 4*z = 3*x - 504, h*x = -5*z + 498. Calculate the greatest common divisor of 19 and x.
19
Let p(c) = -55*c + 43. Let s be p(-3). Calculate the highest common factor of 338 and s.
26
Suppose -v + w + 21 = 0, 4*w = 5*v + 2*w - 105. What is the highest common factor of v and 16?
1
Let q(r) = -r**2 - 14*r - 13. Let h be q(-13). Suppose h = -8*f + 2*f + 378. Calculate the highest common divisor of f and 7.
7
Let c = -397 + 845. What is the greatest common divisor of c and 7?
7
Let c(d) = d**2 - 2*d + 3. Let y be c(2). Let m = 13 - y. What is the greatest common divisor of 130 and m?
10
Let i = -7 - -9. Calculate the 